{"id":799,"date":"2024-04-15T07:07:29","date_gmt":"2024-04-15T10:07:29","guid":{"rendered":"https:\/\/servicosmr.com\/?page_id=799"},"modified":"2024-04-15T07:08:20","modified_gmt":"2024-04-15T10:08:20","slug":"mecanica-naval","status":"publish","type":"page","link":"https:\/\/servicosmr.com\/index.php\/mecanica-naval\/","title":{"rendered":"Mec\u00e2nica Naval"},"content":{"rendered":"\t\t<div data-elementor-type=\"wp-page\" data-elementor-id=\"799\" class=\"elementor elementor-799\" data-elementor-post-type=\"page\">\n\t\t\t\t\t\t\t<div class=\"elementor-element elementor-element-e082966 e-flex e-con-boxed e-con e-parent\" data-id=\"e082966\" data-element_type=\"container\" data-settings=\"{&quot;content_width&quot;:&quot;boxed&quot;}\" data-core-v316-plus=\"true\">\n\t\t\t\t\t<div class=\"e-con-inner\">\n\t\t\t\t<div class=\"elementor-element elementor-element-584476b elementor-widget elementor-widget-text-editor\" data-id=\"584476b\" data-element_type=\"widget\" data-widget_type=\"text-editor.default\">\n\t\t\t\t<div class=\"elementor-widget-container\">\n\t\t\t<style>\/*! elementor - v3.17.0 - 08-11-2023 *\/\n.elementor-widget-text-editor.elementor-drop-cap-view-stacked .elementor-drop-cap{background-color:#69727d;color:#fff}.elementor-widget-text-editor.elementor-drop-cap-view-framed .elementor-drop-cap{color:#69727d;border:3px solid;background-color:transparent}.elementor-widget-text-editor:not(.elementor-drop-cap-view-default) .elementor-drop-cap{margin-top:8px}.elementor-widget-text-editor:not(.elementor-drop-cap-view-default) .elementor-drop-cap-letter{width:1em;height:1em}.elementor-widget-text-editor .elementor-drop-cap{float:left;text-align:center;line-height:1;font-size:50px}.elementor-widget-text-editor .elementor-drop-cap-letter{display:inline-block}<\/style>\t\t\t\tA mec\u00e2nica naval abrange uma ampla gama de servi\u00e7os essenciais para a manuten\u00e7\u00e3o e reparo de embarca\u00e7\u00f5es. Isso inclui desde a revis\u00e3o de motores e sistemas de propuls\u00e3o at\u00e9 a manuten\u00e7\u00e3o de sistemas hidr\u00e1ulicos e pneum\u00e1ticos. Com uma equipe de especialistas qualificados, garantimos a m\u00e1xima performance e seguran\u00e7a das embarca\u00e7\u00f5es, utilizando as tecnologias mais avan\u00e7adas do mercado.\t\t\t\t\t\t<\/div>\n\t\t\t\t<\/div>\n\t\t\t\t\t<\/div>\n\t\t\t\t<\/div>\n\t\t\t\t\t\t\t<\/div>\n\t\t","protected":false},"excerpt":{"rendered":"<p>A mec\u00e2nica naval abrange uma ampla gama de servi\u00e7os essenciais para a manuten\u00e7\u00e3o e reparo de embarca\u00e7\u00f5es. Isso inclui desde a revis\u00e3o de motores e sistemas de propuls\u00e3o at\u00e9 a manuten\u00e7\u00e3o de sistemas hidr\u00e1ulicos e pneum\u00e1ticos. Com uma equipe de especialistas qualificados, garantimos a m\u00e1xima performance e seguran\u00e7a das embarca\u00e7\u00f5es, utilizando as tecnologias mais avan\u00e7adas [&hellip;]<\/p>\n","protected":false},"author":1,"featured_media":0,"parent":0,"menu_order":0,"comment_status":"closed","ping_status":"closed","template":"","meta":{"_joinchat":[],"footnotes":""},"blocksy_meta":[],"_links":{"self":[{"href":"https:\/\/servicosmr.com\/index.php\/wp-json\/wp\/v2\/pages\/799"}],"collection":[{"href":"https:\/\/servicosmr.com\/index.php\/wp-json\/wp\/v2\/pages"}],"about":[{"href":"https:\/\/servicosmr.com\/index.php\/wp-json\/wp\/v2\/types\/page"}],"author":[{"embeddable":true,"href":"https:\/\/servicosmr.com\/index.php\/wp-json\/wp\/v2\/users\/1"}],"replies":[{"embeddable":true,"href":"https:\/\/servicosmr.com\/index.php\/wp-json\/wp\/v2\/comments?post=799"}],"version-history":[{"count":4,"href":"https:\/\/servicosmr.com\/index.php\/wp-json\/wp\/v2\/pages\/799\/revisions"}],"predecessor-version":[{"id":803,"href":"https:\/\/servicosmr.com\/index.php\/wp-json\/wp\/v2\/pages\/799\/revisions\/803"}],"wp:attachment":[{"href":"https:\/\/servicosmr.com\/index.php\/wp-json\/wp\/v2\/media?parent=799"}],"curies":[{"name":"wp","href":"https:\/\/api.w.org\/{rel}","templated":true}]}}