{"id":504,"date":"2024-03-08T00:43:35","date_gmt":"2024-03-08T03:43:35","guid":{"rendered":"https:\/\/servicosmr.com\/?page_id=504"},"modified":"2024-03-25T00:56:54","modified_gmt":"2024-03-25T03:56:54","slug":"quem-somos","status":"publish","type":"page","link":"https:\/\/servicosmr.com\/index.php\/quem-somos\/","title":{"rendered":"Quem Somos"},"content":{"rendered":"\t\t<div data-elementor-type=\"wp-page\" data-elementor-id=\"504\" class=\"elementor elementor-504\" data-elementor-post-type=\"page\">\n\t\t\t\t\t\t\t<div class=\"elementor-element elementor-element-468b553 e-flex e-con-boxed e-con e-parent\" data-id=\"468b553\" data-element_type=\"container\" data-settings=\"{&quot;content_width&quot;:&quot;boxed&quot;}\" data-core-v316-plus=\"true\">\n\t\t\t\t\t<div class=\"e-con-inner\">\n\t\t<div class=\"elementor-element elementor-element-6e3e589 e-con-full e-flex e-con e-child\" data-id=\"6e3e589\" data-element_type=\"container\" data-settings=\"{&quot;content_width&quot;:&quot;full&quot;}\">\n\t\t\t\t<div class=\"elementor-element elementor-element-39b9bd8 elementor-widget elementor-widget-image\" data-id=\"39b9bd8\" data-element_type=\"widget\" data-widget_type=\"image.default\">\n\t\t\t\t<div class=\"elementor-widget-container\">\n\t\t\t<style>\/*! elementor - v3.17.0 - 08-11-2023 *\/\n.elementor-widget-image{text-align:center}.elementor-widget-image a{display:inline-block}.elementor-widget-image a img[src$=\".svg\"]{width:48px}.elementor-widget-image img{vertical-align:middle;display:inline-block}<\/style>\t\t\t\t\t\t\t\t\t\t\t\t<img fetchpriority=\"high\" decoding=\"async\" width=\"728\" height=\"809\" src=\"https:\/\/servicosmr.com\/wp-content\/uploads\/2024\/01\/foto-porto.jpeg\" class=\"attachment-large size-large wp-image-262\" alt=\"\" srcset=\"https:\/\/servicosmr.com\/wp-content\/uploads\/2024\/01\/foto-porto.jpeg 728w, https:\/\/servicosmr.com\/wp-content\/uploads\/2024\/01\/foto-porto-270x300.jpeg 270w\" sizes=\"(max-width: 728px) 100vw, 728px\" \/>\t\t\t\t\t\t\t\t\t\t\t\t\t\t\t<\/div>\n\t\t\t\t<\/div>\n\t\t\t\t<\/div>\n\t\t<div class=\"elementor-element elementor-element-ac08c30 e-con-full e-flex e-con e-child\" data-id=\"ac08c30\" data-element_type=\"container\" data-settings=\"{&quot;content_width&quot;:&quot;full&quot;}\">\n\t\t\t\t<div class=\"elementor-element elementor-element-5b253a9 elementor-widget elementor-widget-text-editor\" data-id=\"5b253a9\" data-element_type=\"widget\" data-widget_type=\"text-editor.default\">\n\t\t\t\t<div class=\"elementor-widget-container\">\n\t\t\t<style>\/*! elementor - v3.17.0 - 08-11-2023 *\/\n.elementor-widget-text-editor.elementor-drop-cap-view-stacked .elementor-drop-cap{background-color:#69727d;color:#fff}.elementor-widget-text-editor.elementor-drop-cap-view-framed .elementor-drop-cap{color:#69727d;border:3px solid;background-color:transparent}.elementor-widget-text-editor:not(.elementor-drop-cap-view-default) .elementor-drop-cap{margin-top:8px}.elementor-widget-text-editor:not(.elementor-drop-cap-view-default) .elementor-drop-cap-letter{width:1em;height:1em}.elementor-widget-text-editor .elementor-drop-cap{float:left;text-align:center;line-height:1;font-size:50px}.elementor-widget-text-editor .elementor-drop-cap-letter{display:inline-block}<\/style>\t\t\t\t<p>Seja bem vindo a MR Servi\u00e7os Navais!<br \/>A MR Servi\u00e7os Navais \u00e9 uma empresa especializada em manuten\u00e7\u00e3o naval, que acompanha de perto os servi\u00e7os e entrega sempre mais do que o combinado. Fundada em mar\u00e7o de 2018, surgiu da expertise de mais de 15 anos de seus s\u00f3cios na \u00e1rea naval, e come\u00e7ou prestando servi\u00e7os pontuais em pequenas embarca\u00e7\u00f5es.<\/p><p>O acompanhamento dos servi\u00e7os, sempre de maneira pr\u00f3xima e \u00e1gil, fez com que, no decorrer dos anos, a empresa se tornasse sin\u00f4nimo de qualidade, transpar\u00eancia e parceria, estando hoje consolidada no mercado de manuten\u00e7\u00e3o naval do maior porto da Am\u00e9rica Latina, o Porto de Santos.<\/p><p>De pequenas embarca\u00e7\u00f5es, a empresa passou a fazer manuten\u00e7\u00e3o e reparos cada vez mais complexos em embarca\u00e7\u00f5es de todos os tipos e portes, desde pequenos barcos de apoio a lanchas de esporte e recreio e, mais recentemente, conduzindo todo o processo de docagem de embarca\u00e7\u00f5es de guarda e salvamento que atuam no litoral paulista, contratos oriundos de licita\u00e7\u00f5es vencidas.<\/p><p>Atualmente, a empresa conta com um experiente corpo t\u00e9cnico e operacional, capaz de lidar com todas as demandas de servi\u00e7os de manuten\u00e7\u00e3o que uma embarca\u00e7\u00e3o possa precisar, oferecendo sempre um pre\u00e7o justo, sem comprometer a excel\u00eancia dos servi\u00e7os e os prazos estabelecidos.<\/p>\t\t\t\t\t\t<\/div>\n\t\t\t\t<\/div>\n\t\t\t\t<\/div>\n\t\t\t\t\t<\/div>\n\t\t\t\t<\/div>\n\t\t\t\t\t\t\t<\/div>\n\t\t","protected":false},"excerpt":{"rendered":"<p>Seja bem vindo a MR Servi\u00e7os Navais!A MR Servi\u00e7os Navais \u00e9 uma empresa especializada em manuten\u00e7\u00e3o naval, que acompanha de perto os servi\u00e7os e entrega sempre mais do que o combinado. Fundada em mar\u00e7o de 2018, surgiu da expertise de mais de 15 anos de seus s\u00f3cios na \u00e1rea naval, e come\u00e7ou prestando servi\u00e7os pontuais [&hellip;]<\/p>\n","protected":false},"author":1,"featured_media":0,"parent":0,"menu_order":0,"comment_status":"closed","ping_status":"closed","template":"","meta":{"_joinchat":[],"footnotes":""},"blocksy_meta":[],"_links":{"self":[{"href":"https:\/\/servicosmr.com\/index.php\/wp-json\/wp\/v2\/pages\/504"}],"collection":[{"href":"https:\/\/servicosmr.com\/index.php\/wp-json\/wp\/v2\/pages"}],"about":[{"href":"https:\/\/servicosmr.com\/index.php\/wp-json\/wp\/v2\/types\/page"}],"author":[{"embeddable":true,"href":"https:\/\/servicosmr.com\/index.php\/wp-json\/wp\/v2\/users\/1"}],"replies":[{"embeddable":true,"href":"https:\/\/servicosmr.com\/index.php\/wp-json\/wp\/v2\/comments?post=504"}],"version-history":[{"count":16,"href":"https:\/\/servicosmr.com\/index.php\/wp-json\/wp\/v2\/pages\/504\/revisions"}],"predecessor-version":[{"id":603,"href":"https:\/\/servicosmr.com\/index.php\/wp-json\/wp\/v2\/pages\/504\/revisions\/603"}],"wp:attachment":[{"href":"https:\/\/servicosmr.com\/index.php\/wp-json\/wp\/v2\/media?parent=504"}],"curies":[{"name":"wp","href":"https:\/\/api.w.org\/{rel}","templated":true}]}}